culate the remainder when 172 is divided by (50/20)/((-2)/w).
32
Let u(t) = -2*t**3 - 2*t**2 + t - 2. Suppose w = -2*w - 2*a - 46, 0 = -4*w - 5*a - 59. Let n = w + 32. Calculate the remainder when u(-3) is divided by n.
15
Let b(c) = c**2 - c + 6 + 1 + 6. Calculate the remainder when b(0) is divided by 5.
3
Suppose -115 + 395 = 7*n. Calculate the remainder when 437 is divided by n.
37
Suppose -5*d = -4*b - 2610, -4*d - 2*b + 1044 = -2*d. Calculate the remainder when d is divided by 4.
2
Suppose 6*o + 282 = 498. Calculate the remainder when 70 is divided by o.
34
Suppose -3*h - 4 = -2*g - 20, -2*h = -3*g - 19. Suppose 3 = h*a - 3. Calculate the remainder when 9 is divided by a.
0
Let l(p) = -p**3 - 2*p**2 - 2*p - 3. Suppose -4*n = 4*i + 28, 14 = -2*i - n + 4. What is the remainder when 30 is divided by l(i)?
6
Let r be (-2)/(-11) + 13/(-11). Let f(i) = 40*i**2 - 1. Calculate the remainder when f(r) is divided by 14.
11
Let v(i) = -13*i - 29. Let s be 1/(-1)*(3 - 1). What is the remainder when v(-6) is divided by s + 23 + -3 + 0?
13
Let h(b) = b**2 + 4*b. Let i be h(-5). Suppose 23 = i*g - s, -28 - 3 = -4*g + 5*s. Let v(q) = -4*q - 15. Calculate the remainder when v(-6) is divided by g.
1
Let o(v) = -v**2 - 12*v - 11. What is the remainder when 237 is divided by o(-7)?
21
Suppose 8*f - 24 = 32. Suppose 0 = -x + f*x - 114. Let h(b) = -2*b. What is the remainder when x is divided by h(-5)?
9
Calculate the remainder when 189/14*(3 - -1)/2 is divided by 2.
1
Let k = 8 + 2. Suppose -k*b + 12 = -7*b. Calculate the remainder when 19 is divided by (b*3 + -1)/1.
8
Let d be 5 - -3*294/3. Suppose 21*u - 8*u - d = 0. What is the remainder when u is divided by 16?
7
Suppose 30 - 66 = -3*a. Calculate the remainder when (-3 + 1)/((-3)/66) is divided by a.
8
Let y(l) = l**3 + l**2 + l + 1. Let g be y(2). Calculate the remainder when (-2)/(-8) + 7648/128 is divided by (-4)/(-6) - (-305)/g.
18
Calculate the remainder when 5*(-3)/5 - -690 is divided by 86.
85
Let v(k) = 7*k - 1. Let m be v(10). Suppose 18 = -3*g + m. What is the remainder when 33 is divided by g?
16
Let f(b) = b**3 + 10*b**2 - 4*b - 10. Let j be f(-10). Suppose -57 - 47 = -4*h - 4*r, h = 4*r + 6. What is the remainder when h is divided by (9/(-5))/((-9)/j)?
4
Let m = -62 + 67. Suppose -v + 12 = m. Calculate the remainder when 26 is divided by v.
5
Let h(q) = -2*q**3 + 3*q**2 + 7*q + 6. Let v = 28 + -28. Suppose k + 4 = -v. What is the remainder when h(k) is divided by 39?
37
What is the remainder when 1*51*22/(176/24) is divided by 17?
0
Suppose 9*b - 83 = 286. Suppose 4*i + 16 - 60 = 3*t, 2*t = i - 6. What is the remainder when b is divided by i?
13
Suppose -14*p + 11*p = 519. Let g = p - -568. Calculate the remainder when g is divided by 66.
65
Suppose -45 = -5*g + 35. What is the remainder when g is divided by -3 + (-2)/(1 + (-20)/16)?
1
What is the remainder when ((-4)/10)/(-5 + 1848/370) is divided by 10?
4
Suppose -14*w - 240 = -9*w. Let y = w - -89. What is the remainder when y is divided by 14?
13
Let m(k) = k + 6. Let y(n) = -4*n + 88. Let o(c) = -13*c + 264. Let h(b) = 3*o(b) - 8*y(b). Calculate the remainder when h(0) is divided by m(7).
10
Suppose -76*c + 3494 = -610. Suppose -3*y - 22 = 5*p - 0*p, 4*p = y - 4. Calculate the remainder when c is divided by (p/(-4))/(1/22).
10
Let c(k) = -k**3 - 8*k**2 - 6. Let z be c(-8). What is the remainder when (-2 + z/(-2))/(-3)*-213 is divided by 25?
21
Let t be (2 + (-12)/4)/((-2)/14). Let q(p) = 3*p**2 - 15*p - 16. What is the remainder when q(t) is divided by 10?
6
Let c(y) = -210*y - 1247. Calculate the remainder when 41 - 2/(-4 - -2) is divided by c(-6).
3
Let l = 28 - 14. Suppose -2*w + 171 = 3*p, -6*p + 2*p - 4*w = -228. Suppose p = o - 4*s, -o - 5*s = 4 - 52. What is the remainder when o is divided by l?
11
Let p = -15 + 22. Suppose -5*d - 6 = -p*d. What is the remainder when 18 is divided by d?
0
Suppose 2*k = -2*k + 32. Let r(n) = -n**3 + 7*n**2 - 28*n + 201. Calculate the remainder when k is divided by r(7).
3
Let s(z) = -z**3 - 14*z**2 + 16*z + 17. Let w be s(-15). Suppose -2*m + 48 = w*m. Calculate the remainder when 35 is divided by m.
11
Suppose -4*u = 3*s - 24, -2*u + 9 = s - 1. Suppose -100 = -s*l - l - 5*q, 5*l - 108 = -q. Calculate the remainder when (-14)/((-2)/(-3) + -1) is divided by l.
20
Let l(z) = -z**2 + 35. What is the remainder when 241 is divided by l(0)?
31
Suppose 3*i + 36 = 4*i + r, -179 = -4*i + 3*r. Suppose 2*v = 52 - 64. Let n(b) = -6*b - 15. Calculate the remainder when i is divided by n(v).
20
Suppose 3 = p + 13. Let q = 20 + p. Suppose 0 = -3*w + 2*n + 106, 45*w - n + 80 = 47*w. What is the remainder when w is divided by q?
8
Let c = 21 - 17. Let u(z) = z + 7. Let a be u(-5). Calculate the remainder when a/c*(9 + -5) is divided by 2.
0
Suppose 5*a = 5*n - 120, 4*a + 10 = -4*n - 110. Let y = 36 + a. What is the remainder when 16 is divided by y?
7
Let s(f) = f**3 - f**2 + f - 8. Let v be s(0). What is the remainder when (-2)/(v/(-114))*176/(-24) is divided by 30?
29
Let r(p) = p**3 - 7*p**2 + 9*p - 5. Suppose -3*y + 36 = 3*y. What is the remainder when r(6) is divided by y?
1
Suppose -5*i - 70 = 5*v, -i + 3*v - 2*v = 18. Let u(a) = a**2 + 17*a + 18. Suppose -3*k + 12 = -0*k. What is the remainder when k is divided by u(i)?
0
Let g(c) = -c**3 + 2*c**2 + 2*c. Let q be g(-2). Let f be (q/12)/(-2 + 1). Calculate the remainder when 118 is divided by (-4 + 4 + -40)/f.
38
Suppose 90 = 5*m + 5*a, 4*a + a - 48 = -3*m. Suppose 2*r + 5*z - 40 = 0, -11 = -2*r - 3*z + m. What is the remainder when 54 is divided by r?
4
Suppose -i + 20 = h, h + 8 - 3 = 0. Calculate the remainder when 1174 is divided by i.
24
Let m(h) = 2*h**3 - h**2 - 3*h + 8. Calculate the remainder when 46 is divided by m(2).
4
Suppose 1 = -w, -5*w = 4*x - 0*w - 71. Calculate the remainder when 162 is divided by x.
10
What is the remainder when (-7)/2*1*-20 is divided by ((-318)/(-45) - 20/(-60))/(2/10)?
33
Let n be (-61)/(-5) - 7/35. Suppose -3*o + n = 0, 0 = -u - 2*u + o + 29. What is the remainder when 30 is divided by u?
8
Let n be 6/42 - (-156)/(-14). Let a(z) = z**3 + 12*z**2 + 8*z - 15. What is the remainder when a(n) is divided by 5?
3
Let c = -1382 - -1387. What is the remainder when 632 is divided by c?
2
Let m(g) = g**3 - 37*g**2 - g + 464. What is the remainder when m(37) is divided by 86?
83
Let s = 613 - 539. Calculate the remainder when s is divided by 35.
4
Suppose -19*k + 150 = -14*k. What is the remainder when 142 is divided by k?
22
Suppose 3*d = t - 11 + 1, -4*d - 22 = 3*t. What is the remainder when 57 is divided by 13 + t*(-2 - -1)*1?
12
Suppose -3*i - d = -545, -4*d + 173 = i - 16. What is the remainder when i is divided by 14?
13
Let m(d) = -d**2 - 42*d + 28. Suppose 2*h - 4*i + 5*i = 157, h + 5*i = 56. Calculate the remainder when h is divided by m(-42).
25
Suppose -106 = -2*c + 64. Suppose -186 = -4*j + 5*x, 4*j = -5*x - 46 + 212. What is the remainder when c is divided by j?
41
Suppose 4*r - 3*k - 50 = 55, -3*r = -5*k - 76. Let o(s) = -14*s. Let g be o(-2). Calculate the remainder when r is divided by 8/8 + g/2.
12
Suppose -3*b + 15 = 0, 3 = -3*f + 2*b + 14. Suppose q - f = -p, 4*p - q - 3*q - 60 = 0. What is the remainder when (4/5)/(6/405) is divided by p?
10
Suppose -4*p + 104 = -4*k, 0 = 5*p - 3*k + 78 - 202. What is the remainder when p is divided by 6?
5
Let t = 63 - -4. Let m(z) = 3*z + 6. Calculate the remainder when t is divided by m(4).
13
Let i = -892 + 1044. What is the remainder when i is divided by 78?
74
Let g(n) = 27*n + 6. Suppose 148 = 8021*x - 8004*x - 226. What is the remainder when g(7) is divided by x?
19
Suppose 1327 = 18*d - 221. What is the remainder when d is divided by 52?
34
Let v be (0 + 72/21)*7. Suppose 0 = -l + 4*s - 2 + 3, 5*l - s = v. What is the remainder when 18 is divided by l?
3
Calculate the remainder when 24 is divided by 18/(-45) - (-64)/10.
0
Let j(d) = -4*d**3 + 13*d**2 - 24*d - 26. Let z(o) = -o**3 - o - 1. Let u(n) = j(n) - 5*z(n). What is the remainder when u(-14) is divided by 26?
23
Let s(k) = k**3 - 2*k**2 + 5*k + 3. Let r be ((-1)/3)/(((-4)/18)/2). What is the remainder when 53 is divided by s(r)?
26
Let b(m) = -m + 6. Let q(h) = -5*h**3 + 0 - 3 + 4*h + h**2 + 6. What is the 